/(-6)). Let i(h) = 99*h - 192. Calculate i(t).
6
Let s(f) = 6*f**2 - 3*f - 1. Let i be (-4)/(-1) - (35 - 40). Suppose 21 + i = -15*h. What is s(h)?
29
Suppose 89*c - 33*c = 668 + 620. Let t(j) = 8*j - 196. Give t(c).
-12
Let z(f) be the first derivative of -f**6/120 - f**5/12 + f**4/24 - f**3/6 - f**2/2 - 5*f + 137. Let n(c) be the second derivative of z(c). What is n(-5)?
-6
Let l(u) = -3*u**2 - 2*u + 4. Let k = -51 + 86. Let t be -5 + (-7)/(k/(-75)). Suppose 5*h + t = -5. Determine l(h).
-17
Let o(p) = 6*p - 9. Suppose t + 10 = 12. Let s be o(t). Suppose -s*r - r = 2*i - 14, -5*i = 4*r - 5. Let q(u) = -u + 5. Calculate q(r).
0
Let f = 23311 + -23315. Let w(b) = 16*b + 57. Determine w(f).
-7
Let h = 8729 - 8722. Let b(s) = -s**3 + 5*s**2 + 7*s + 12. Give b(h).
-37
Let w(h) = -5*h**2 - 1. Let k = 50 + -46. Suppose -5*f = 25, 4*a + k*f - 4 = -0. Suppose -4 = -a*x + 2. Give w(x).
-6
Let v(u) = -3*u - 6. Let w(h) = 2*h + 4. Let k(c) = 5*v(c) + 8*w(c). Let y(t) = -t + 22*t - 122 + 135 - 116 - t**2. Let m be y(11). What is k(m)?
9
Suppose 5*m + u = -4*u + 50, -4*m + 5*u + 13 = 0. Suppose -5*o + 3 = 3*b, 5*o + 2*b = -0*b + m. Let w(f) = -f**3 + 2*f**2 + 2*f - 4. What is w(o)?
-7
Let j = 241 + -145. Let n be (-1264)/(-104) + 6/(-39). Suppose -n*v = -j - 12. Let b(a) = -a + 13. Calculate b(v).
4
Suppose 3*b + 39 = 4*n, 3*b + b = 12. Suppose 123 = -8*g + 139. Let h(a) = -n*a**2 + 0*a + 18*a**g + a. Determine h(1).
7
Let y(v) = -13*v + 146. Let w = 7289 + -7277. Calculate y(w).
-10
Let z(w) = 17*w**3 - 7*w**2 - 15*w + 1. Let q(f) = 23*f**3 - 6*f**2 - 16*f + 2. Let m(p) = -3*q(p) + 4*z(p). Give m(-8).
-34
Let n(d) be the second derivative of 0*d**2 + 0 - 5/12*d**4 + 1/20*d**5 - 11*d + 1/3*d**3. Let g(i) = -i**2 - i + 4. Let u be g(0). Give n(u).
-8
Let r = -133 - -140. Let g be r + 0*1/(6 + -4). Let u(m) = -m - 10. Calculate u(g).
-17
Let n(t) be the first derivative of -3*t**2 - 2. Let h(r) = r**3 + 35*r**2 + 108*r + 385. Let c be h(-32). Give n(c).
-6
Let b(p) be the third derivative of 2*p**4/3 - p**3 + 22*p**2. Let q(w) = -5*w + 2. Let k(c) = -3*b(c) - 10*q(c). Suppose 4*f + f - 15 = 0. Calculate k(f).
4
Let h(v) = 6*v**2 + 9*v + 4. Suppose -19*s - 22 = -8*s. Give h(s).
10
Let a(r) = 5*r - 101. Let y be 14 - (-14 - -3 - -6). Determine a(y).
-6
Suppose 142 = n - 5*y, 3*n + 0*y - 390 = -3*y. Suppose -17*l + n = -5*l. Let v(m) = l*m - 6*m - 2*m - 3 - m**2. Determine v(4).
-7
Suppose -2*p - 25 = -45. Suppose -5*b = -p, -2*c + 3*b - 4*b = -2. Let j(k) = 2*k + 5. Let u be j(c). Let x(m) = m**3 - 4*m**2 - 5*m - 3. Determine x(u).
-3
Let m = 9 + -4. Let x(n) = 504*n - m - 170*n - 168*n - 167*n. What is x(0)?
-5
Let l(h) be the second derivative of h**4/12 + h**3 - 11*h**2/2 - 2*h. Let g be 8/(-6)*(-330)/88. Suppose -2*c + g*c = -q - 14, 0 = c + 2. Determine l(q).
5
Suppose 5*h = 5*x + 30, 2*h + 2*x = -2*h. Let q be -10*-4*(-6)/(-30). Let z(c) = 1 + q*c - 31*c - c**2 + 22*c. Calculate z(h).
-5
Let y(v) = v**2 - 17*v + 131. Let q be y(27). Let d(j) = 7*j - 3*j**3 + 2*j**3 - 1 + q*j**2 - 394*j**2. Let b be 2/((-26)/(-8) + -3). Determine d(b).
-9
Let k(r) = 1839*r - 4202*r - 14 + 2351*r. Calculate k(-5).
46
Let w(v) = v**2 - 196*v + 585. Let g be w(3). Let s(x) = -x**2 + 19. Calculate s(g).
-17
Let s(p) be the second derivative of p**3/6 - p**2/2 + p. Let o be s(6). Let b(x) = x**2 - 6 - 62*x + 3*x**2 - 4*x**3 + 4*x**3 + 68*x - x**3. Give b(o).
-1
Let v(c) = 0 - 35213*c + 35207*c - 2 - c**3 + 9*c**2. Suppose -5*t = -0*t. Suppose 3*r + 4*i - 16 = t, -3*r - 2*i - 10 + 30 = 0. What is v(r)?
14
Let n(q) = -13*q - 66. Let y be (-20 - -15)*1 - 0. Calculate n(y).
-1
Let j = 255 + -242. Suppose j*k - 6*k = -21. Let p(t) = 4*t**3 - 2*t**3 - 2*t + 0*t**3 - 4 - 4*t**2 - 3*t**3. Calculate p(k).
-7
Let c be (-208)/(-130) + (8/10)/2. Let p(s) = -s + 2 + 4 - c + 11. Give p(0).
15
Let z(t) be the third derivative of t**5/60 + 17*t**4/12 + 13*t**3 - 101*t**2 + t + 3. Calculate z(-32).
14
Suppose 5*r = 4*r + 15. Let z = r + -1. Suppose 3*w - h + z = 0, -w - 3*h + 11 + 1 = 0. Let y(i) = -i**2 - 2*i - 2. What is y(w)?
-5
Let n(z) be the first derivative of 4*z**2 + 6*z + 5887. What is n(-4)?
-26
Let t(v) be the third derivative of -24 + 5/6*v**3 + 1/3*v**4 - 1/60*v**5 - 2*v**2 + 0*v. Calculate t(7).
12
Let z(j) = -j**3 + 6*j**2 - 5*j - 6. Let x(a) = -a**2 + 14*a + 37. Let q(h) = 15*h**3 + 2*h**2 - h. Let r be q(1). Let n be x(r). What is z(n)?
-6
Let f(n) = -n**3 - 42*n**2 - 24*n - 115. Let a be f(-42). Let l = -892 + a. Let j(s) = -9*s - 1. Give j(l).
-10
Let x(m) = -8*m + 28. Let w(d) = d. Let q(c) = 3*w(c) - x(c). Let h(n) = 75*n - 195. Let j(f) = -4*h(f) + 27*q(f). What is j(10)?
-6
Suppose -5*s = 3*q, 2*q = -2*q - 3*s + 11. Let r(w) be the third derivative of -w**5/30 + w**4/6 + w**3/3 - 2*w**2 - 9*w + 21. Determine r(q).
-28
Let y(s) = -15*s**2 + s + 42. Let x(k) = -11*k**2 + 41. Let r(h) = -4*x(h) + 3*y(h). Let a(t) be the first derivative of r(t). Give a(-3).
9
Let y(s) = s**2 - 11*s + 1. Let g(l) = l**2 - 12*l. Let a(t) = t**2 - 5*t - 12. Let n be a(6). Let h(k) = n*y(k) + 5*g(k). Calculate h(5).
-1
Let t(n) be the second derivative of -2*n**3/3 - 7*n**2 - 33*n. Give t(-7).
14
Suppose -125*i + 17 = -983. Let q(n) = n**2 + 60*n - 543. Calculate q(i).
1
Suppose -54*q - 16*q = -280. Let t(a) be the second derivative of q*a**2 + 1/12*a**4 + 0 + 4/3*a**3 + 15*a. Calculate t(-8).
8
Let s(q) = 37*q - 85. Let g(d) = 81*d - 166. Let o(w) = 5*g(w) - 11*s(w). Determine o(40).
25
Suppose -82 + 420 = -26*l. Let c(x) = -x**2 - 13*x + 13. Give c(l).
13
Let x(a) = -2*a - 2*a**2 - 10*a + 4 + 3*a**2 + 18*a - 7*a. Suppose 0 = 2*p - 177 + 171. Determine x(p).
10
Let y be -2*(-5 - -11 - 2). Let i(d) = -d**3 - 8*d**2 + 9. Give i(y).
9
Let j(s) = s**3 + 2*s**2 + s - 2. Let t(a) = 5*a**3 + 12*a**2 - 9*a - 17. Let g(n) = 4*j(n) - t(n). What is g(-7)?
65
Let j(y) = 2*y**2 + 5*y + 4*y**2 - 4*y**2 + 7*y - 105 + 97. Give j(-7).
6
Let x(g) = g**2 + 15*g + 42. Suppose 5*k + 4*f + 60 = 0, -k - 17 = -f - 5. What is x(k)?
6
Let i be 129 + -118 + -11 + -2. Let z(p) = -p**3 - 2*p**2 - 5*p - 1. Determine z(i).
9
Let v(u) = -8*u - 23. Let j(h) be the third derivative of -17*h**4/24 - 17*h**3/2 - h**2 - 7. Let i(x) = 6*j(x) - 13*v(x). Give i(6).
5
Let w = -826 - -819. Let z(u) = -u**3 - 6*u**2 + 16*u + 66. Calculate z(w).
3
Let d = 669 + -645. Let u(z) = z**3 - 47*z + d*z - 6*z**2 + 31*z + 6. Calculate u(4).
6
Let s(j) = -22*j - 10. Suppose -6*z - 71*z - 81 = -4. Calculate s(z).
12
Let h be (-4)/((-1)/(3/4)). Let i(f) = -18*f - 72. Let c be i(-4). Let w(k) = -7 + 15 + 2*k**2 + c*k**2 - 12 - k**h + 4*k. Determine w(3).
-1
Let y(p) = p**3 + p**2 + 534. Let k be y(0). Let g = -2094 - -2094. Let t(w) = 533*w**3 - w + 3 + g + 7*w**2 - k*w**3 - 2*w. Determine t(6).
21
Suppose -3*z = g + 7, 4*g + 182*z = 183*z - 15. Let y(t) = -5*t**2 - 6*t - 3. Let k(o) = -9*o**2 - 11*o - 5. Let j(a) = -4*k(a) + 7*y(a). Calculate j(g).
7
Let y(g) = -392*g + 0 + 447*g + 58. Determine y(-1).
3
Let w(a) = a**3 - 14*a**2 - 32*a + 4. Let p(l) = l**3 - 6*l**2 + 21*l - 20. Let z be p(3). Calculate w(z).
4
Suppose -w - 26 = -2*t, 2*w = -5*t + t - 12. Let q(o) = o + 10. Determine q(w).
-6
Let s(f) be the second derivative of 0*f**3 - 5/2*f**2 - f**4 + 1/20*f**5 - 157*f + 0. Determine s(12).
-5
Suppose 990 = -0*t - 11*t. Let g be 4/30 - (-12)/t. Suppose 12*d - 16*d = g. Let s(c) = c + 4. What is s(d)?
4
Let g(h) = -3*h**2 + h + 2. Let s(u) = -95*u**2 - 1. Let o be s(-1). Let c(a) = a**3 - 26*a**2 + 22*a - 19. Let q be c(25). Let p = o - q. Determine g(p).
-12
Let o(p) = -p**2 - 4*p - 10. Let h(x) = 2*x**2 + 2*x + 8. Let u(n) = -2*h(n) - 3*o(n). What is u(9)?
5
Let d(w) be the second derivative of -7*w**4/12 - 3*w**3/2 - 4*w**2 + 246*w + 11. Calculate d(-2).
-18
Let m(j) = j**3 + 13*j**2 - 36*j - 636. Let w be m(-11). Let l(c) be the first derivative of 13 - 1/3*c**3 + 2*c**w + 0*c. What is l(4)?
0
Let c be 52 + -3 + 1 + -1. Let x = c - 45. Suppose 0 = x*h - 6 + 6. Let w(n) = n**3 + n**2 - n + 18. Calculate w(h).
18
Let n = -43 - -52. Suppose -3 = 6*a + n. Let b(z) = 8*z + 3. Determine b(a).
-13
Let a(g) = -11*g + 19. Let x(q) = -q**3 + 11*q**2 - 18*q + 6. Let i be x(9). Let u be 15/(-3)*i/(-15). Let v be a(u). Let f(m) = 3*m + 1. Determin